 List the prime factors of ((-114)/(-18) - 5)/(2/h).
2, 3
Suppose -f - n + 43 = -5, f + 3*n - 46 = 0. Let x be -1 + 35/f - 74/(-14). Suppose -4*g = -3*s - 9*g + 112, -172 = -x*s - g. What are the prime factors of s?
2, 17
Let g = -88 + 115. What are the prime factors of 2613*18/g + -8?
2, 3, 17
What are the prime factors of 2/(112/58954)*8?
2, 4211
Suppose -5*c + 15381 = -8249. List the prime factors of c.
2, 17, 139
Let h be (-2)/(-14) - (-1455)/105. Suppose 3*x = h + 1, -5*z = -5*x - 825. Let a = z - 31. What are the prime factors of a?
139
Let t(o) = -1. Let q(a) = -2*a + 198. Let j(u) = -u + 99. Let y(c) = 5*j(c) - 3*q(c). Let l(b) = 5*t(b) - y(b). List the prime factors of l(0).
2, 47
Suppose 105*h - 54*h - 9067 = 15770. What are the prime factors of h?
487
Let o(i) = i - 15. Let f be o(14). Let d be -32 - (f - -3)*(2 - 3). List the prime factors of (-6)/10 + 36*(-18)/d.
3, 7
Suppose 16*l - 12*l = 20. Suppose -r - l = -0. List the prime factors of (-19 - -2)*1*r.
5, 17
Suppose -5*p = -u - 31661 + 2189, 0 = -p + 5*u + 5904. What are the prime factors of p?
2, 7, 421
Let z(h) = 41*h**3 + 3. Let l(c) = 163*c**3 + c + 13. Let q(y) = 2*l(y) - 9*z(y). Let s be q(-2). What are the prime factors of 15/(-45)*-1*s?
113
Let k(v) = 4*v + 116. Let y be k(-21). Suppose 141*q = 145*q - y. List the prime factors of q.
2
Let n be ((5 - 2)/6)/(1/(-20)). Let l = n - -12. Suppose l*p - 15 = -3. What are the prime factors of p?
2, 3
Let a(d) = -2*d**3 + 59*d**2 + 4*d - 83. What are the prime factors of a(25)?
2, 7, 13, 31
Suppose -16*l = -6*l - 80. Let d(c) = c**3 - 8*c**2 + 7*c - 5. List the prime factors of d(l).
3, 17
List the prime factors of -106*((-24)/(-18) - 21/9).
2, 53
Let l be ((-280)/26)/(-5) - (-4)/(-26). Suppose -12 = -4*v - 0*v, -1260 = -o + l*v. List the prime factors of o.
2, 3, 211
Let j(d) = -10*d + 17. Let v be j(14). Let y = v + 504. List the prime factors of y.
3, 127
Suppose -3*x - 3*n = -2550, 1720 = 2*x - 0*x - 2*n. Suppose -a = -3*s + 1295, -5*s + 3*s = a - x. What are the prime factors of s?
2, 5, 43
What are the prime factors of 2417/(-5*10/450)*4/(-3)?
2, 3, 2417
Let y(x) = 8*x**2 + 21*x + 135. Let w(z) = 18*z**2 + 44*z + 269. Let d(v) = 4*w(v) - 7*y(v). What are the prime factors of d(-8)?
13, 71
Suppose 3*d - 126 = 6*m - 9*m, -3*d - 156 = -3*m. List the prime factors of 1 - 5 - (m - 864).
3, 271
Let x(m) = 17*m**2 + 182*m - 50. What are the prime factors of x(-21)?
5, 29
Suppose 2*j + 2*j = -3*k + 4439, 2*j + k - 2217 = 0. Let t be (-10)/(-4)*j/35. Let f = -34 + t. List the prime factors of f.
3, 5
Suppose -197121 = -36*o + 250716 - 18717. What are the prime factors of o?
2, 5, 149
Let k(p) = -71*p**2 + 98*p + 33. Let x(n) = -108*n**2 + 147*n + 50. Let a(m) = -8*k(m) + 5*x(m). What are the prime factors of a(6)?
2, 5, 7
Suppose -31*l + 26998 = -282413. List the prime factors of l.
3, 1109
Suppose 33*v = v + 14*v + 26028. What are the prime factors of v?
2, 3, 241
Let v(s) = 3*s**2 - 4*s - 2. Let j be v(-1). Suppose k - 366 = -2*p, -2*p + 3*p = j*k - 1874. What are the prime factors of k?
2, 11, 17
Suppose 0 = 5*w - 2*r - 6176, 5*w + 41*r - 40*r = 6182. Suppose -328*b + 324*b = -w. List the prime factors of b.
3, 103
Suppose x = 2 + 11. Suppose 9*w = x*w - 1264. What are the prime factors of w?
2, 79
Let s(w) = 2. Let l(j) = 10*j + 17. Suppose -4*y + 2*n - 20 = 0, y + 8*n - 3*n = 6. Let t(h) = y*s(h) + l(h). What are the prime factors of t(4)?
7
Let i(d) = 3*d**3 - 2*d**2 - 9*d - 25. What are the prime factors of i(15)?
5, 11, 173
Let u be ((-708)/(-9))/(12/(-54)). Let i = 724 - u. List the prime factors of i.
2, 7, 11
Let k(a) = -25*a**3 + 58*a**2 + 35*a + 208. Let b(s) = 9*s**3 - 20*s**2 - 12*s - 70. Let x(q) = 11*b(q) + 4*k(q). List the prime factors of x(-7).
937
Suppose -103*r + 144638 - 4490 = -r. List the prime factors of r.
2, 3, 229
Let q = 44 - 42. Suppose -q*n = -g - 2, -n + 0*n - 43 = 5*g. Let w(x) = x**2 + 3*x + 13. What are the prime factors of w(g)?
53
Suppose 3*s + 6 - 18 = 0. Suppose -4*x = -2*h - 256 + 890, s*x = 5*h - 1585. List the prime factors of h.
317
Let t(l) = l**3 - l**2 + l - 1. Suppose -6*w + 2 = -4*w. Let y(b) = 2*b**3 + 7*b**2 - 9*b - 7. Let p(s) = w*y(s) - 3*t(s). List the prime factors of p(6).
2, 17
Suppose -12 = -4*m - 5*t, -m - 3*t - 1 = 3. Suppose m*o = -5*o + 12922. List the prime factors of o.
2, 7, 71
Let b = 1394 + -841. Let r = b + -481. What are the prime factors of r?
2, 3
Let z = -30342 - -52921. What are the prime factors of z?
67, 337
Let b(o) = -175*o + 1. Let a(z) = 1. Let j(i) = -4*i + 58. Let r(y) = 5*a(y) - j(y). Let h be r(13). What are the prime factors of b(h)?
2, 11
Let o = 121706 - 85330. What are the prime factors of o?
2, 4547
Let p = -104 + 165. Suppose p*x + 378 = 59*x. Let q = x + 386. List the prime factors of q.
197
Suppose 2*s - 4*o - 27802 = 0, -5*o + 69595 = 4*s + s. List the prime factors of s.
13913
Let g(t) = -17*t - 21. Let n be (-9 - 144/81) + 2/(-9). What are the prime factors of g(n)?
2, 83
Let o(m) be the third derivative of -m**6/120 - 7*m**5/60 + 5*m**4/24 + 5*m**3/3 - 5*m**2. Let a be o(-7). Let f = 64 + a. List the prime factors of f.
3, 13
Let i be ((-4)/(-12))/(1/(-3)) - -1. Let u be (-2)/9 - 886/(-18). Suppose j - u - 3 = i. What are the prime factors of j?
2, 13
Let l(v) = -76*v - 285. Let p be l(-11). What are the prime factors of (p/76)/((-1)/(-180))?
3, 5, 29
Suppose -383 = -2*o - 2*f + 383, -4*o + 4*f + 1516 = 0. Let w = -212 + o. What are the prime factors of w?
13
Let g = -13 - -238. Let l = -115 + g. What are the prime factors of -10*(-7)/(175/l)?
2, 11
Let g(y) = 69*y**2 - 4*y - 1. Let c be g(-3). Suppose 0 = -4*q + 3*n + 833, -q - 2*q - 5*n + c = 0. List the prime factors of q.
11, 19
Let w = 7515 - -7453. List the prime factors of w.
2, 1871
Let u(m) be the third derivative of 2*m**5/5 + 13*m**4/24 - 19*m**3/6 + 2*m**2 + 59*m. List the prime factors of u(-7).
2, 13, 41
Let u(a) = 2*a - 9. Let o be u(6). Let v = -4163 - -4691. Suppose -h - o*h = -v. List the prime factors of h.
2, 3, 11
Suppose -5*s = 3*b - 3953, 4*s + 5*b = 9*s - 3985. Suppose -2*o + 97 = -s. What are the prime factors of o?
5, 89
Suppose 0 = 4*f - 53 - 11. Let g(a) = 44 - 15*a + f*a + 47. List the prime factors of g(0).
7, 13
Let i(z) be the second derivative of z**4/12 + 14*z**3/3 - 73*z**2/2 - 51*z. What are the prime factors of i(-31)?
2, 5
Let p(z) = 77*z - 707. List the prime factors of p(57).
2, 7, 263
Suppose 2*g + 22 = 4*j, 5*j - g = j + 25. Let a(v) = 3*v + 3*v**2 - 7*v**2 + j*v - 5 + 8*v**2. List the prime factors of a(-5).
3, 5
Let o = -137054 + 194169. List the prime factors of o.
5, 11423
Suppose -5*n - 5*z + 985 = -0*n, -5*z - 743 = -4*n. Let j be 3/(-12) + -9*(-5)/20. Suppose j*v + 102 = h, -3*h - v - n = -5*h. List the prime factors of h.
2, 47
Suppose 0 = 2*i + 5*s - 144953, -4*i + 32*s = 35*s - 289955. List the prime factors of i.
2, 67, 541
Let c(s) = 2743*s - 2119. What are the prime factors of c(12)?
13, 23, 103
Suppose -4*c + 16772 = 4*z, -1377 = -c - 5*z + 2796. List the prime factors of c.
2, 2099
Suppose 3*d + 7904 + 2383 = 5*g, -10255 = -5*g - 5*d. Let q = g - 1162. What are the prime factors of q?
19, 47
Let x be (-16)/20 + 1 - 221/5. What are the prime factors of 6/4*(-12 - x)?
2, 3
Let f(j) = j**2 + 21. Let s = -138 - -138. What are the prime factors of f(s)?
3, 7
Suppose -4*t - 7*b + 29663 = 0, -2*t = 9*b - 14*b - 14891. What are the prime factors of t?
2, 3, 619
Let s be -233 - 2 - (3 + -1). Let c = s - -562. What are the prime factors of c?
5, 13
Suppose 10*l + 1335 - 5595 = 0. Suppose y = 3*w + l, 0*y = y + 4*w - 433. Let q = y + -263. List the prime factors of q.
2, 83
What are the prime factors of 4 - -2223*-11*6/(-33)?
2, 5, 89
Suppose 0 = 4*d + f - 35479, d - 8274 - 617 = 4*f. List the prime factors of d.
3, 2957
Suppose 114 = 6*i - 36. Let h = i + 7. Suppose 30*y + 182 = h*y. List the prime factors of y.
7, 13
List the prime factors of (-10 + 2)*(-49829)/(-5 + 18).
2, 3833
Let m = -342 + 148. Let x = m - -452. What are the prime factors of x?
2, 3, 43
Suppose -151*k - 932 = -155*k + m, m - 1156 = -5*k. What are the prime factors of k?
2, 29
Let b be -2 + (1 - 413)*15/4. List the prime factors of 53/(8/14 + 793/b).
17, 53
Let y(n